8*j - 4. What is w(c)?
-5
Let n(v) = v**3 - 22*v**2 + 21*v - 4. Suppose -u - 69 = -3*g, -5*g + 3*u + 117 = u. Calculate n(g).
-4
Let d(x) = -5*x**3 + 7*x**2 + 10*x - 1. Let t = -186 - -177. Let f(u) = 11*u**3 - 15*u**2 - 21*u + 1. Let n(i) = t*d(i) - 4*f(i). Give n(4).
-3
Suppose -4*c + c = -24. Let g = -39 - -43. Let v(h) = 3*h - 26 - g*h + 8*h**2 + 25 - h**3 + 2*h. Determine v(c).
7
Let i(j) = -14*j**2 + 28*j**2 - 38 + 21 + 20*j + 29 + j**3. Calculate i(-12).
60
Let p(l) be the second derivative of l**4/12 - 3*l**3/2 + 13*l**2/2 - l + 16. Determine p(5).
-7
Let d(m) = -m**2 + 19*m - 89. Let f be d(12). Let x(c) = -c**3 + c**2 - c + 1. Let s(w) = 4*w**3 + 3*w**2 + 3*w + 6. Let h(p) = f*x(p) - s(p). Calculate h(8).
5
Let h(p) be the third derivative of 0*p - 3*p**2 - 4 + 1/8*p**4 + 1/6*p**3 - 1/120*p**6 + 1/30*p**5. Give h(3).
1
Let t(y) = -163*y**3 + 29*y**2 - 62*y + 27. Let j(l) = -70*l**3 + 14*l**2 - 31*l + 13. Let g(f) = -7*j(f) + 3*t(f). Determine g(7).
11
Let n(c) be the second derivative of -c**3/6 - 2*c**2 + c. Let o be 28034/1965 - (-20)/(-75). Calculate n(o).
-18
Let l(c) be the third derivative of c**6/120 - c**5/20 - c**3/3 + 33*c**2. Suppose 0 = -3*p + 4*p - 2. Calculate l(p).
-6
Let j = 11 - 17. Let x(l) = 1 - 164 + 156 + 8 - 2*l + 3. Determine x(j).
16
Let i(g) = -2*g**3 + g**2 + 4*g - 1. Suppose -2*f - 5*z = 1, 2*z + 33 - 31 = 0. Give i(f).
-5
Let t = 5 - -4. Let w = -200 + 206. Suppose -t*x = -11*x - w. Let b(k) = k - 1. Determine b(x).
-4
Let q(u) = 1. Suppose 4*p - 14 = -2*w - 0*p, -p = -4*w + 1. Let a(o) = -13 - 3*o**3 + o**3 + o + 3 + o**2 + 3*o**3. Let c(v) = w*q(v) - a(v). Give c(0).
11
Let w(a) be the third derivative of -a**4/12 - 25*a**3/6 - 2284*a**2. Calculate w(-12).
-1
Let f(j) = 2*j - 18. Let n(s) = 2*s**3 - s**2 - 11*s + 5. Let r be n(3). Calculate f(r).
16
Let y(c) = -7*c**3 + 2*c**2 + 2*c + 2. Suppose -4*g + 3*r - 14 = 0, -3*r + 11 - 7 = g. Determine y(g).
62
Let i(g) be the third derivative of 5*g**2 + 3/8*g**4 - 1 - 3/20*g**5 + 1/120*g**6 - 2*g**3 + 0*g. Calculate i(8).
-4
Let m(t) = -t - 15. Let r(w) = w**2 + 25*w + 37. Let z(h) = -2*h**2 - 38*h - 55. Let o(k) = -8*r(k) - 5*z(k). Let l be o(6). Determine m(l).
-6
Let j(q) = -14*q + 17. Suppose 21*t - 15 = 18*t. Let d(r) = 17*r - 17. Let x(l) = t*d(l) + 6*j(l). Determine x(12).
29
Let k(s) be the first derivative of s**4/4 - 7*s**3/3 + 5*s**2/2 - 6*s - 804. What is k(3)?
-27
Let t(f) = 13*f**3 + 17*f**2 - 34*f + 37. Let m(k) = -18*k**3 - 22*k**2 + 45*k - 50. Let w(i) = -8*m(i) - 11*t(i). Determine w(9).
-43
Suppose k + 6 + 3 = 4*i, 5*k - 15 = 5*i. Suppose 4*z = -y + 21, 6*z - k = 3*y + 4*z. Let a(v) = 7*v**2 - v + 2. Give a(y).
8
Suppose 0 = -2*c - c - 5*r + 27, 3*c = -r + 15. Let s(k) = -118 - 111 + 232 - c*k. Calculate s(2).
-5
Let w(b) = 55878 + 2*b**2 - b + 0*b**2 - 27944 - 3*b**2 - 27933. Let r be ((-2)/5)/((-2)/(-10)). What is w(r)?
-1
Let a(t) = 8*t - 4*t**2 + 3*t**2 - 9*t + 11 - 12*t. Suppose -3*b = c - 53 + 97, -c - 72 = 5*b. Determine a(b).
-3
Let o(q) = 14*q**2 + 41*q - 3. Let j be (150/(-3))/5 - -7. Calculate o(j).
0
Let f(w) be the third derivative of 7*w**4/24 + 43*w**3/3 - 7*w**2 - 127*w. Determine f(-13).
-5
Let w(t) be the first derivative of -t**2/2 - t + 550. Let o = -6 - -21. Let q = o - 10. What is w(q)?
-6
Let r(l) = l. Let d(p) = 6*p - 65. Let q be d(12). Suppose 110 + q = -13*z. Calculate r(z).
-9
Suppose 0 = -g + 2*g - 5*k - 19, 0 = 4*g - 4*k + 4. Let t(f) = -849 - 2*f**2 + 6*f**2 - 3*f**2 + 3*f + 838. What is t(g)?
7
Let v(i) = -7*i**3 - 20*i**2 + 11*i + 96. Let z(f) = -2*f**3 - 4*f**2 + 3*f + 24. Let t(y) = -3*v(y) + 11*z(y). Give t(16).
-24
Let f(y) be the third derivative of -y**6/30 + y**5/15 - y**4/2 + y**3 + 1090*y**2. What is f(3)?
-102
Suppose -9*r + 204 = -21*r. Let f = 26 + r. Let o(v) = -v + 1. What is o(f)?
-8
Suppose -23*r = -33*r + 100. Suppose -5*f - 3*g - 3 = 0, -r*g + 12*g - 17 = 3*f. Let c(a) be the first derivative of a**4/4 - 2*a**2 + a - 2. What is c(f)?
-14
Suppose 3*b = 2*n - b + 20, -n - 3*b = 10. Let s be ((-6)/n)/(15/50). Suppose -7 = 5*l + 3*v, s*l + 2*l - 5*v = 24. Let x(j) = -7*j**2 + j. Give x(l).
-6
Suppose 0 = 7*v + 8*v - 360. Suppose -30 = v*z - 198. Let w(h) = 4*h + 9. Calculate w(z).
37
Let t(i) = 8*i - 14. Suppose 366 = 38*p + 138. Give t(p).
34
Let x(u) = 87313*u**2 - 17*u - 43655*u**2 + 5*u - 16 - 43659*u**2. Determine x(-9).
11
Let s(c) = 8. Let y(n) = -10*n + 18. Let k(d) = -9*s(d) + 4*y(d). Determine k(1).
-40
Let z(d) = -d**3 + d**2 + d - 10. Let n = 103 + -145. Suppose 5*r + 206 = 4*b, -127 = 3*r + 3*b - 2*b. Let q = n - r. Determine z(q).
-10
Suppose 29*v + 333 = 362. Let x(a) = -4*a**3. What is x(v)?
-4
Let a(c) be the first derivative of 0*c - 16/3*c**3 - 11 + 0*c**4 + 0*c**2 - 1/40*c**5. Let n(w) be the third derivative of a(w). Give n(4).
-12
Let p(d) = 23*d - 1. Let a = -349 - -355. Suppose 2*v = -4*v - a. Give p(v).
-24
Suppose -18*f + 8 - 100 = -38. Let p(t) = 3*t**2 - 7. Determine p(f).
20
Let o(a) = 8*a**2 + 9*a. Suppose -46*k - 114*k - 640 = 0. Calculate o(k).
92
Let m be (2/(-4))/(9/(-90)). Let r = 3 - m. Let k(q) = -q**2 - q + 2. Determine k(r).
0
Let v(n) be the third derivative of -7*n**6/120 - n**5/60 - 100*n**2. What is v(1)?
-8
Let j(f) = -4*f - 5. Let x(v) = -12*v + 111. Let c be x(9). Let u be (c + -11 + 3)*(1 - 0). Determine j(u).
15
Let w(q) = 24124*q**3 + 4 - 2*q**2 - 24123*q**3 + q + 0*q. What is w(-3)?
-44
Suppose -4*x - 10 = -5*g - 21, 0 = 2*x - 8. Let z(t) = -7*t**3 - 2*t. Let a(y) = -8*y**3 - 3*y. Let s(d) = -3*a(d) + 4*z(d). Calculate s(g).
-3
Let n(a) = -2*a + 1. Suppose 27 = 3*g + 4*w, 0 = 5*g - 2*w + 7*w - 40. Suppose -13*h + 219 = -63*h - 81. Let f = h + g. Determine n(f).
3
Let y = -86 + 90. Suppose -5*w - y*s = 29, -8 = -2*s - 0*s. Let k(m) = -m + 4. Give k(w).
13
Let y be (-2 + 5)*2/(-6). Let o(f) = -6*f**3 + 21*f**2 - 182*f + 9. Let h(n) = 4*n**3 - 12*n**2 + 104*n - 5. Let t(a) = 7*h(a) + 4*o(a). What is t(y)?
-3
Let q(y) = y**3 - 10*y**2 + 12*y - 13. Suppose 2*l - 4*r = 736 + 886, -r = -2. Let n = l - 806. Calculate q(n).
14
Suppose -434 = 20*s - 934 + 380. Let j(k) = -2*k**2 - 8*k + 3. Determine j(s).
-117
Let h(i) = -i**2 + 5*i - 6. Let j = -274 + 298. Suppose j*z = 25*z - 6. Give h(z).
-12
Let q be (-7)/(-21)*-3*2/(-1). Suppose 2*d = -0*x + q*x, 0 = -4*d - 3*x + 21. Let z(s) = 5*s - 1. Calculate z(d).
14
Let o(g) = g**2 - 30*g + 237. Let c be o(19). Let t(u) be the second derivative of 7/2*u**2 - c*u + 1/6*u**3 + 0. Calculate t(5).
12
Let x(o) = 8*o**3 - 2*o + 1. Let c be x(1). Let h be (-33)/(-21) + 3/c. Let q(i) = 1 + 100*i - 45*i - 54*i. Calculate q(h).
3
Let r(m) = -17*m**2 - 75*m + 279. Let v(s) = -3*s**2 - 15*s + 56. Let a(i) = 2*r(i) - 11*v(i). Determine a(13).
-32
Let q(l) be the third derivative of 2*l**4/3 + l**3/3 + l**2. Let a(j) = -2041*j + 48985. Let c be a(24). Calculate q(c).
18
Let h(x) = x**2 + 6*x - 8. Let v = 19 - 17. Suppose c + 2*w - 18 = -c, -v*w = -10. Suppose 0 = -f - 0*f + 5*p + c, 4*f - 3*p = -18. Calculate h(f).
-8
Suppose -290 = 5*c + 4*l, 25 = 5*l - 10*l. Suppose 14*h = 29*h - 690. Let b = h + c. Let w(u) = -2*u - 11. What is w(b)?
5
Let m(j) be the second derivative of j**5/20 + j**4/3 - j**3/2 + 3*j**2 - 4735*j. Calculate m(-5).
-4
Let m(f) be the second derivative of f**6/360 - f**5/12 + 5*f**4/12 - 11*f**3/6 - 175*f. Let z(u) be the second derivative of m(u). Determine z(8).
-6
Let q = -75 - -69. Let k(w) = w**3 + 5*w**2 - 6*w + 5. Let i be k(q). Suppose -i*v = -4*v + 3. Let n(y) = 2*y**2 - y + 3. Determine n(v).
24
Let a = -97 - -99. Suppose -a*t = -9*t + 7. Let m(k) = 45*k**3 + 2*k - 1. Give m(t).
46
Let p(d) = -81*d - 109. Let b(v) = 44*v + 56. Let n(j) = 11*b(j) + 6*p(j). What is n(-21)?
4
Let m(g) = 2*g + 9. Let w be (3 - 5)*-2 + 24/6. Suppose w*k + 60 = -4. Give m(k).
-7
Let f be (612/(-459))/(8/(-42) + 0). Let l(w) = 8 - f - w + 3. Determine l(5).
-1
Suppose 4*r + 131 = 5*d, 6*r = 2*r + d - 151. Let j = r - -47. Suppose -s - j = -13. Let q(z) = z + 4. Give q(s).
9
Suppose m - 670 = h, 3*m - 7*m + 2694 = 3*h. Let i(z) = 4 + m*z - 670*z - 2. Give i(-4).
-6
Let s(x) be the first derivative of x**2 + 32*x - 5355. Determine s(-12).
8
Let h(z) = -z**3 - 11*z**2 + 6. Suppose -38*f + 115 = -37. Suppose -2*x = -t 